{"id":127,"date":"2020-02-08T14:45:23","date_gmt":"2020-02-08T13:45:23","guid":{"rendered":"http:\/\/neu.gymbrv.de\/?page_id=127"},"modified":"2024-06-20T17:38:17","modified_gmt":"2024-06-20T15:38:17","slug":"verwaltung","status":"publish","type":"page","link":"https:\/\/www.gymbrv.de\/index.php\/kontakte\/verwaltung\/","title":{"rendered":"Verwaltung"},"content":{"rendered":"\n<p>Gymnasium Bremerv\u00f6rde<br>Tetjus-T\u00fcgel-Str. 9<br>27432 Bremerv\u00f6rde<br>Tel. 04761 \/ 983 55 55 (Sekretariat)<br>E-Mail sekretariat@gymbrv.eu<\/p>\n\n\n\n<p>(In der Zeit zwischen 10:00 Uhr und 11:00 Uhr ist das Sekretariat geschlossen.)<\/p>\n\n\n\n<p>Alle Lehrerinnen und Lehrer sowie die Mitarbeiterinnen und Mitarbeiter sind per E-Mail unter der Adresse<\/p>\n\n\n\n<p class=\"has-text-align-center\"><strong>&lt;Kurzzeichen&gt;@gymbrv.eu<\/strong><\/p>\n\n\n\n<p>zu erreichen.<\/p>\n\n\n\n<h3 class=\"wp-block-heading\">Sekretariat<\/h3>\n\n\n\n<p>Elke Brunckhorst (Eb)<br>Anja Stabel (Sl)<br>Telefon 04761 983 55 55<\/p>\n\n\n\n<h3 class=\"wp-block-heading\" id=\"kont_hm\">Hausmeister<\/h3>\n\n\n\n<p>Dieter Padur (Pd)<br>Telefon 04761 983 55 11 <\/p>\n\n\n\n<h3 class=\"wp-block-heading\" id=\"kont_sua\">Schulassistenz<\/h3>\n\n\n\n<p>Sigrid Reitmann (Rm)<br>Telefon 04761 983 55 37<\/p>\n","protected":false},"excerpt":{"rendered":"<p>Gymnasium Bremerv\u00f6rdeTetjus-T\u00fcgel-Str. 927432 Bremerv\u00f6rdeTel. 04761 \/ 983 55 55 (Sekretariat)E-Mail sekretariat@gymbrv.eu (In der Zeit zwischen 10:00 Uhr und 11:00 Uhr ist das Sekretariat geschlossen.) Alle<\/p>\n","protected":false},"author":1,"featured_media":0,"parent":134,"menu_order":0,"comment_status":"closed","ping_status":"closed","template":"","meta":{"footnotes":""},"_links":{"self":[{"href":"https:\/\/www.gymbrv.de\/index.php\/wp-json\/wp\/v2\/pages\/127"}],"collection":[{"href":"https:\/\/www.gymbrv.de\/index.php\/wp-json\/wp\/v2\/pages"}],"about":[{"href":"https:\/\/www.gymbrv.de\/index.php\/wp-json\/wp\/v2\/types\/page"}],"author":[{"embeddable":true,"href":"https:\/\/www.gymbrv.de\/index.php\/wp-json\/wp\/v2\/users\/1"}],"replies":[{"embeddable":true,"href":"https:\/\/www.gymbrv.de\/index.php\/wp-json\/wp\/v2\/comments?post=127"}],"version-history":[{"count":6,"href":"https:\/\/www.gymbrv.de\/index.php\/wp-json\/wp\/v2\/pages\/127\/revisions"}],"predecessor-version":[{"id":3991,"href":"https:\/\/www.gymbrv.de\/index.php\/wp-json\/wp\/v2\/pages\/127\/revisions\/3991"}],"up":[{"embeddable":true,"href":"https:\/\/www.gymbrv.de\/index.php\/wp-json\/wp\/v2\/pages\/134"}],"wp:attachment":[{"href":"https:\/\/www.gymbrv.de\/index.php\/wp-json\/wp\/v2\/media?parent=127"}],"curies":[{"name":"wp","href":"https:\/\/api.w.org\/{rel}","templated":true}]}}