{"id":322,"date":"2020-03-13T20:35:16","date_gmt":"2020-03-13T19:35:16","guid":{"rendered":"https:\/\/www.gymbrv.de\/?page_id=322"},"modified":"2021-02-21T11:59:20","modified_gmt":"2021-02-21T10:59:20","slug":"schulprofil-2","status":"publish","type":"page","link":"https:\/\/www.gymbrv.de\/index.php\/schulprofil-2\/","title":{"rendered":"Angebote"},"content":{"rendered":"\n<p>Hier werden die besonderen Angebote, die am Gymnasium Bremerv\u00f6rde wahrgenommen werden k\u00f6nnen, beschrieben.<\/p>\n\n\n\n<p><a href=\"https:\/\/www.gymbrv.de\/index.php\/schulprofil-2\/blaeserklassen\/\">Bl\u00e4serklassen<\/a><br><a href=\"https:\/\/www.gymbrv.de\/index.php\/schulprofil-2\/tiergestuetzte-paedagogik-schulhund-ayka\/\">Tiergest\u00fctzte P\u00e4dagogik<\/a><br><a href=\"https:\/\/www.gymbrv.de\/index.php\/schulprofil-2\/mathematik-informatik-naturwissenschaft-und-technik-klassenstufen-56\/\">MINT (Klassen 5+6)<\/a><br><a href=\"https:\/\/www.gymbrv.de\/index.php\/schulprofil-2\/bilingualer-unterricht\/\">Bilingualer Unterricht<\/a><br><a href=\"https:\/\/www.gymbrv.de\/index.php\/schulprofil-2\/arbeitsgemeinschaften\/\">Arbeitsgemeinschaften<\/a><br><a href=\"https:\/\/www.gymbrv.de\/index.php\/schulprofil-2\/differenzierte-faecherauswahl\/\">Differenzierte F\u00e4cherauswahl<\/a><br><a href=\"https:\/\/www.gymbrv.de\/index.php\/schulprofil-2\/foerdern-und-fordern-beraten-und-betreuen\/\">F\u00f6rdern und Fordern \u2013 Beraten und Betreuen<\/a><br><a href=\"https:\/\/www.gymbrv.de\/index.php\/schulprofil-2\/differenzierte-schulabschluesse\/\">Differenzierte Schulabschl\u00fcsse<\/a><br><a href=\"https:\/\/www.gymbrv.de\/index.php\/die-gymnasialen-oberstufe-am-gymnasium-bremervoerde\/\">Gymnasiale Oberstufe<\/a><\/p>\n","protected":false},"excerpt":{"rendered":"<p>Hier werden die besonderen Angebote, die am Gymnasium Bremerv\u00f6rde wahrgenommen werden k\u00f6nnen, beschrieben. Bl\u00e4serklassenTiergest\u00fctzte P\u00e4dagogikMINT (Klassen 5+6)Bilingualer UnterrichtArbeitsgemeinschaftenDifferenzierte F\u00e4cherauswahlF\u00f6rdern und Fordern \u2013 Beraten und BetreuenDifferenzierte<\/p>\n","protected":false},"author":1,"featured_media":0,"parent":0,"menu_order":0,"comment_status":"closed","ping_status":"closed","template":"","meta":{"footnotes":""},"_links":{"self":[{"href":"https:\/\/www.gymbrv.de\/index.php\/wp-json\/wp\/v2\/pages\/322"}],"collection":[{"href":"https:\/\/www.gymbrv.de\/index.php\/wp-json\/wp\/v2\/pages"}],"about":[{"href":"https:\/\/www.gymbrv.de\/index.php\/wp-json\/wp\/v2\/types\/page"}],"author":[{"embeddable":true,"href":"https:\/\/www.gymbrv.de\/index.php\/wp-json\/wp\/v2\/users\/1"}],"replies":[{"embeddable":true,"href":"https:\/\/www.gymbrv.de\/index.php\/wp-json\/wp\/v2\/comments?post=322"}],"version-history":[{"count":29,"href":"https:\/\/www.gymbrv.de\/index.php\/wp-json\/wp\/v2\/pages\/322\/revisions"}],"predecessor-version":[{"id":1434,"href":"https:\/\/www.gymbrv.de\/index.php\/wp-json\/wp\/v2\/pages\/322\/revisions\/1434"}],"wp:attachment":[{"href":"https:\/\/www.gymbrv.de\/index.php\/wp-json\/wp\/v2\/media?parent=322"}],"curies":[{"name":"wp","href":"https:\/\/api.w.org\/{rel}","templated":true}]}}