{"id":3382,"date":"2023-02-09T17:45:20","date_gmt":"2023-02-09T16:45:20","guid":{"rendered":"https:\/\/www.gymbrv.de\/?page_id=3382"},"modified":"2026-01-18T14:30:23","modified_gmt":"2026-01-18T13:30:23","slug":"religion","status":"publish","type":"page","link":"https:\/\/www.gymbrv.de\/index.php\/religion\/","title":{"rendered":"Religion"},"content":{"rendered":"\n<p>Wer bin ich? Wie k\u00f6nnen Menschen sinnvoll zusammenleben? Warum feiern wir Feste? Wie gehen wir mit Angst und Trauer um? Was kommt nach dem Tod? Was macht mich frei? Wie ist die Welt entstanden? Wie k\u00f6nnen wir verantwortungsvoll mit der Natur umgehen? Worauf kann ich mich verlassen? Wie kann ich mir Gott vorstellen? Warum wird Gott kritisiert? Wer war und wie lebte Jesus? Wie k\u00f6nnen wir Frieden und Gerechtigkeit schaffen? Wie hat sich die Kirche entwickelt? Welche Funktion hat die Kirche? Welche anderen Religionen gibt es? Woran glauben die Menschen in diesen Religionen?<\/p>\n\n\n\n<p>\u00dcber diese und \u00e4hnliche Fragen denken wir gemeinsam im Religionsunterricht nach.<\/p>\n\n\n<div class=\"wp-block-image\">\n<figure class=\"alignleft size-full\"><img loading=\"lazy\" decoding=\"async\" width=\"183\" height=\"244\" src=\"https:\/\/www.gymbrv.de\/wp-content\/uploads\/2023\/02\/ml01.jpg\" alt=\"\" class=\"wp-image-3383\"\/><\/figure><\/div>\n\n\n<p class=\"has-text-align-left\">Der Religionsunterricht ist stark mit dem eigenen Leben und dem Leben anderer verkn\u00fcpft. Damit das Zusammenleben in einer multireligi\u00f6sen und multikulturellen Gesellschaft gelingt, sind Kenntnisse der eigenen wie anderer Religionen, Weltanschauungen und Kulturen notwendig. Der Religionsunterricht bietet diese Informationen zu religi\u00f6sen Themen sowie zum Verst\u00e4ndnis biblischer Texte, Traditionen und Erfahrungen. Au\u00dferdem setzen wir uns reflektiert mit religi\u00f6sen, ethischen und weltanschaulichen Fragen, Werten und Normen auseinander. Dabei wird gelernt, eigene Standpunkte zu entwickeln, andere zu verstehen und zu achten sowie das eigene Leben und Handeln sinn- und verantwortungsvoll zu gestalten.<\/p>\n\n\n\n<p>Wenn es sich anbietet, besuchen wir im Religionsunterricht au\u00dferschulische Lernorte wie Gottesh\u00e4user, den Friedwald oder soziale Einrichtungen.<\/p>\n\n\n\n<p>Auch innerhalb unseres Schulgeb\u00e4udes machen wir manchmal einen kleinen Ausflug in den Raum der Stille. Der Raum der Stille ist ein ganz besonderer Ort unserer Schule, in dem wir zur Ruhe kommen, unsere Gedanken sortieren und der Hektik und dem Stress des Alltags entfliehen k\u00f6nnen.<\/p>\n\n\n\n<p>Durch die Fenster des Raumes der Stille k\u00f6nnen wir bald den \u201eGarten Eden\u201c der Schule bewundern. Der \u201eGarten Eden\u201c soll ein Erholungsort auf dem Schulgel\u00e4nde sein. Er wird von Sch\u00fclerinnen und Sch\u00fclern unserer Schule in der \u201eGarten Eden-AG\u201c geplant, gestaltet, gepflanzt und gepflegt.<\/p>\n\n\n\n<p>J\u00e4hrlich wird im Religionsunterricht von einem Jahrgang oder Kurs der Abiturgottesdienst mitgestaltet.<\/p>\n\n\n\n<p>Alle evangelischen Sch\u00fclerinnen und Sch\u00fcler sind laut Erlass des Nieders\u00e4chsischen Kultusministeriums grunds\u00e4tzlich verpflichtet am evangelischen Religionsunterricht teilzunehmen. Die Verpflichtung zur Teilnahme entf\u00e4llt bei schriftlicher Abmeldung. \u00dcber die Teilnahme am Religionsunterricht bestimmen die Erziehungsberechtigten. Nach der Vollendung des 14. Lebensjahres steht dieses Recht den religionsm\u00fcndigen Sch\u00fclerinnen und Sch\u00fclern zu. Dar\u00fcber hinaus steht der Religionsunterricht auf Antrag allen Sch\u00fclerinnen und Sch\u00fclern offen, auch denen ohne Religionszugeh\u00f6rigkeit und denen, die einer anderen Konfession oder Religion angeh\u00f6ren. Sch\u00fclerinnen und Sch\u00fcler, die nicht am Religionsunterricht teilnehmen, sind stattdessen zur Teilnahme am Unterricht Werte und Normen verpflichtet.<\/p>\n\n\n\n<p>Die schriftliche Abmeldung vom Religionsunterricht oder der Antrag zur Aufnahme in den Religionsunterricht muss zum Ende eines Schuljahres f\u00fcr das kommende Schuljahr erfolgen.<\/p>\n\n\n\n<p class=\"has-text-align-center\">\u2190 <a href=\"https:\/\/www.gymbrv.de\/index.php\/faecher\/politik-wirtschaft-ab-klasse-8\/\">Politik-Wirtschaft<\/a>&nbsp;&nbsp;&nbsp;&nbsp;&nbsp;&nbsp;&nbsp; \u2191&nbsp;<a href=\"https:\/\/www.gymbrv.de\/?page_id=419\">F\u00e4cher-\u00dcbersicht<\/a>&nbsp;&nbsp;&nbsp;&nbsp;&nbsp;&nbsp;&nbsp;&nbsp;\u2192 <a href=\"https:\/\/www.gymbrv.de\/index.php\/werte-und-normen\/\">Werte und Normen<\/a><\/p>\n","protected":false},"excerpt":{"rendered":"<p>Wer bin ich? Wie k\u00f6nnen Menschen sinnvoll zusammenleben? Warum feiern wir Feste? Wie gehen wir mit Angst und Trauer um? Was kommt nach dem Tod?<\/p>\n","protected":false},"author":1,"featured_media":0,"parent":0,"menu_order":0,"comment_status":"closed","ping_status":"closed","template":"","meta":{"footnotes":""},"_links":{"self":[{"href":"https:\/\/www.gymbrv.de\/index.php\/wp-json\/wp\/v2\/pages\/3382"}],"collection":[{"href":"https:\/\/www.gymbrv.de\/index.php\/wp-json\/wp\/v2\/pages"}],"about":[{"href":"https:\/\/www.gymbrv.de\/index.php\/wp-json\/wp\/v2\/types\/page"}],"author":[{"embeddable":true,"href":"https:\/\/www.gymbrv.de\/index.php\/wp-json\/wp\/v2\/users\/1"}],"replies":[{"embeddable":true,"href":"https:\/\/www.gymbrv.de\/index.php\/wp-json\/wp\/v2\/comments?post=3382"}],"version-history":[{"count":10,"href":"https:\/\/www.gymbrv.de\/index.php\/wp-json\/wp\/v2\/pages\/3382\/revisions"}],"predecessor-version":[{"id":4514,"href":"https:\/\/www.gymbrv.de\/index.php\/wp-json\/wp\/v2\/pages\/3382\/revisions\/4514"}],"wp:attachment":[{"href":"https:\/\/www.gymbrv.de\/index.php\/wp-json\/wp\/v2\/media?parent=3382"}],"curies":[{"name":"wp","href":"https:\/\/api.w.org\/{rel}","templated":true}]}}