{"id":419,"date":"2020-04-24T16:56:41","date_gmt":"2020-04-24T14:56:41","guid":{"rendered":"https:\/\/www.gymbrv.de\/?page_id=419"},"modified":"2026-01-18T15:35:46","modified_gmt":"2026-01-18T14:35:46","slug":"faecher","status":"publish","type":"page","link":"https:\/\/www.gymbrv.de\/index.php\/faecher\/","title":{"rendered":"F\u00e4cher"},"content":{"rendered":"\n<p>Die folgenden Beschreibungen sind urspr\u00fcnglich als Ersatz f\u00fcr den ausgefallenen Tag der offenen T\u00fcr gedacht gewesen. Sie sollen im Laufe der Zeit durch Beschreibungen der F\u00e4cher und der Fachbereiche erg\u00e4nzt bzw. ersetzt werden.<\/p>\n\n\n\n<p><strong>Sprachlich-literarisch-k\u00fcnstlerische F\u00e4cher<\/strong><br><a href=\"https:\/\/www.gymbrv.de\/index.php\/faecher\/deutsch\/\">Deutsch<\/a><br><a href=\"https:\/\/www.gymbrv.de\/index.php\/faecher\/englisch\/\">Englisch<\/a><br><a href=\"https:\/\/www.gymbrv.de\/?page_id=433\">Franz\u00f6sisch<\/a><br><a href=\"https:\/\/www.gymbrv.de\/index.php\/faecher\/latein\/\">Latein<\/a><br><a href=\"https:\/\/www.gymbrv.de\/index.php\/faecher\/musik\/\">Musik<\/a><br><a href=\"https:\/\/www.gymbrv.de\/index.php\/faecher\/kunst\/\">Kunst<\/a><br><a href=\"https:\/\/www.gymbrv.de\/index.php\/darstellendes-spiel\/\">Darstellendes Spiel<\/a><\/p>\n\n\n\n<p><strong>Gesellschaftswissenschaftliche F\u00e4cher<\/strong><br><a href=\"https:\/\/www.gymbrv.de\/?page_id=437\">Erdkunde<\/a><br><a href=\"https:\/\/www.gymbrv.de\/index.php\/faecher\/geschichte\/\">Geschichte<\/a><br><a href=\"https:\/\/www.gymbrv.de\/index.php\/faecher\/politik-wirtschaft-ab-klasse-8\/\">Politik-Wirtschaft<\/a><br><a href=\"https:\/\/www.gymbrv.de\/index.php\/religion\/\">Religion<\/a><br><a href=\"https:\/\/www.gymbrv.de\/index.php\/werte-und-normen\/\">Werte und Normen<\/a><\/p>\n\n\n\n<p><strong>Mathematisch-naturwissenschaftliche F\u00e4cher<\/strong><br><a href=\"http:\/\/gymbrv.de\/index.php\/mathematik\/\">Mathematik<\/a><br><a href=\"https:\/\/www.gymbrv.de\/index.php\/biologie\/\">Biologie<\/a><br><a href=\"https:\/\/www.gymbrv.de\/index.php\/chemie\/\">Chemie<\/a><br><a href=\"https:\/\/www.gymbrv.de\/index.php\/physik\/\">Physik<\/a><\/p>\n\n\n\n<p><strong>Sport<\/strong><br><a href=\"https:\/\/www.gymbrv.de\/?page_id=439\">Sport<\/a><\/p>\n","protected":false},"excerpt":{"rendered":"<p>Die folgenden Beschreibungen sind urspr\u00fcnglich als Ersatz f\u00fcr den ausgefallenen Tag der offenen T\u00fcr gedacht gewesen. Sie sollen im Laufe der Zeit durch Beschreibungen der<\/p>\n","protected":false},"author":1,"featured_media":0,"parent":0,"menu_order":0,"comment_status":"closed","ping_status":"closed","template":"","meta":{"footnotes":""},"_links":{"self":[{"href":"https:\/\/www.gymbrv.de\/index.php\/wp-json\/wp\/v2\/pages\/419"}],"collection":[{"href":"https:\/\/www.gymbrv.de\/index.php\/wp-json\/wp\/v2\/pages"}],"about":[{"href":"https:\/\/www.gymbrv.de\/index.php\/wp-json\/wp\/v2\/types\/page"}],"author":[{"embeddable":true,"href":"https:\/\/www.gymbrv.de\/index.php\/wp-json\/wp\/v2\/users\/1"}],"replies":[{"embeddable":true,"href":"https:\/\/www.gymbrv.de\/index.php\/wp-json\/wp\/v2\/comments?post=419"}],"version-history":[{"count":27,"href":"https:\/\/www.gymbrv.de\/index.php\/wp-json\/wp\/v2\/pages\/419\/revisions"}],"predecessor-version":[{"id":4539,"href":"https:\/\/www.gymbrv.de\/index.php\/wp-json\/wp\/v2\/pages\/419\/revisions\/4539"}],"wp:attachment":[{"href":"https:\/\/www.gymbrv.de\/index.php\/wp-json\/wp\/v2\/media?parent=419"}],"curies":[{"name":"wp","href":"https:\/\/api.w.org\/{rel}","templated":true}]}}