{"id":528,"date":"2020-04-25T12:39:24","date_gmt":"2020-04-25T10:39:24","guid":{"rendered":"https:\/\/www.gymbrv.de\/?page_id=528"},"modified":"2025-03-20T12:13:01","modified_gmt":"2025-03-20T11:13:01","slug":"blaeserklassen","status":"publish","type":"page","link":"https:\/\/www.gymbrv.de\/index.php\/schulprofil-2\/blaeserklassen\/","title":{"rendered":"Bl\u00e4serklasse"},"content":{"rendered":"\n<p>Du m\u00f6chtest ein Holz- oder Blechblasinstrument erlernen oder\nSchlagzeug spielen? Dann bist du am Gymnasium Bremerv\u00f6rde genau richtig! Bei\nuns erh\u00e4ltst du die M\u00f6glichkeit, Teil der Bl\u00e4serkasse zu werden!<\/p>\n\n\n\n<figure class=\"wp-block-image size-large\"><img loading=\"lazy\" decoding=\"async\" width=\"4128\" height=\"3096\" src=\"https:\/\/www.gymbrv.de\/wp-content\/uploads\/2020\/04\/1_20180423_134007-2.jpg\" alt=\"\" class=\"wp-image-625\"\/><\/figure>\n\n\n\n<p><strong>Was ist eine Bl\u00e4serklasse?<\/strong><\/p>\n\n\n\n<p>Die Bl\u00e4serklasse ist eine Unterrichtsform, in der in einer\nKlasse des 5. Jahrgangs jede Sch\u00fclerin und jeder Sch\u00fcler ein Orchesterblasinstrument\n(Querfl\u00f6te, Klarinette, Saxophon, Trompete, Posaune, Horn, Euphonium, Tuba)\noder Schlagzeug systematisch erlernt und in der Klasse im Rahmen des\nMusikunterrichts ein Klassenorchester gebildet wird.<\/p>\n\n\n<div class=\"wp-block-image is-style-rounded\">\n<figure class=\"alignleft size-large is-resized\"><img loading=\"lazy\" decoding=\"async\" width=\"449\" height=\"1024\" src=\"https:\/\/www.gymbrv.de\/wp-content\/uploads\/2021\/02\/1-Hoelzblaeser2b-449x1024.jpg\" alt=\"\" class=\"wp-image-1420\" style=\"width:245px;height:558px\" srcset=\"https:\/\/www.gymbrv.de\/wp-content\/uploads\/2021\/02\/1-Hoelzblaeser2b-449x1024.jpg 449w, https:\/\/www.gymbrv.de\/wp-content\/uploads\/2021\/02\/1-Hoelzblaeser2b-132x300.jpg 132w, https:\/\/www.gymbrv.de\/wp-content\/uploads\/2021\/02\/1-Hoelzblaeser2b-768x1751.jpg 768w, https:\/\/www.gymbrv.de\/wp-content\/uploads\/2021\/02\/1-Hoelzblaeser2b-674x1536.jpg 674w, https:\/\/www.gymbrv.de\/wp-content\/uploads\/2021\/02\/1-Hoelzblaeser2b-898x2048.jpg 898w, https:\/\/www.gymbrv.de\/wp-content\/uploads\/2021\/02\/1-Hoelzblaeser2b-scaled.jpg 1123w\" sizes=\"(max-width: 449px) 100vw, 449px\" \/><\/figure><\/div>\n\n\n<p>Die Idee der Bl\u00e4serklasse basiert auf einem ausgereiften und langj\u00e4hrig bew\u00e4hrten Konzept f\u00fcr den Musikunterricht in allgemein bildenden Schulen. Die mit Bl\u00e4serklassen arbeitenden Schulen geben \u00fcberaus positive R\u00fcckmeldungen, die weit \u00fcber das rein Musikalische hinausgehen. \u00dcber eine verst\u00e4rkte musikalische Erziehung, die das aktive gemeinsame Musizieren in den Mittelpunkt stellt, werden gezielt einzelne Komponenten der Pers\u00f6nlichkeitsbildung angesprochen. Das ist ein Weg, bei dem alle Beteiligten viel gewinnen k\u00f6nnen! Diese Form des Musizierens in einer Orchestergruppe ersetzt teilweise den \u201enormalen\u201c Musikunterricht. Der Instrumentalunterricht f\u00fcr die einzelnen Instrumentengruppen wird einmal w\u00f6chentlich durch Lehrkr\u00e4fte der Kreismusikschule erteilt, die Orchesterproben finden dann im regul\u00e4ren Musikunterricht der Klasse statt. Das Projekt erstreckt sich \u00fcber die Jahrg\u00e4nge 5 und 6, aber auch in den anschlie\u00dfenden Jahrg\u00e4ngen habt ihr die M\u00f6glichkeit, im Jugendorchester gemeinsam zu musizieren. Das Projekt wird zunehmend weltweit umgesetzt und ist auch in Deutschland so erfolgreich, dass sich innerhalb weniger Jahre ca. 2000 Bl\u00e4serklassen (Stand: 2014) gebildet haben.<\/p>\n\n\n\n<p><strong>Was sind die Ziele der Bl\u00e4serklasse?<\/strong><\/p>\n\n\n<div class=\"wp-block-image is-style-rounded\">\n<figure class=\"alignright size-large is-resized\"><img loading=\"lazy\" decoding=\"async\" width=\"722\" height=\"1024\" src=\"https:\/\/www.gymbrv.de\/wp-content\/uploads\/2021\/02\/1-Drums-37b-722x1024.jpg\" alt=\"\" class=\"wp-image-1422\" style=\"width:224px;height:317px\" srcset=\"https:\/\/www.gymbrv.de\/wp-content\/uploads\/2021\/02\/1-Drums-37b-722x1024.jpg 722w, https:\/\/www.gymbrv.de\/wp-content\/uploads\/2021\/02\/1-Drums-37b-212x300.jpg 212w, https:\/\/www.gymbrv.de\/wp-content\/uploads\/2021\/02\/1-Drums-37b-768x1089.jpg 768w, https:\/\/www.gymbrv.de\/wp-content\/uploads\/2021\/02\/1-Drums-37b-1084x1536.jpg 1084w, https:\/\/www.gymbrv.de\/wp-content\/uploads\/2021\/02\/1-Drums-37b-1445x2048.jpg 1445w, https:\/\/www.gymbrv.de\/wp-content\/uploads\/2021\/02\/1-Drums-37b-scaled.jpg 1806w\" sizes=\"(max-width: 722px) 100vw, 722px\" \/><\/figure><\/div>\n\n\n<p>Die Bl\u00e4serklasse versteht sich als handlungsorientierte Unterrichtsform des Fachs Musik, die einen kognitiven und emotionalen Lernzuwachs \u201espielend\u201c entwickelt. Das Erlernen eines Musikinstruments vermittelt den Sch\u00fclerinnen und Sch\u00fclern musikalische und damit auch pers\u00f6nliche Erfolgserlebnisse. Daneben f\u00f6rdert diese spielerische Lernmethode auch das Sozialverhalten der Kinder, sodass es zu einer St\u00e4rkung der Klassengemeinschaft kommen kann. Teamf\u00e4higkeit wird als wichtige Schl\u00fcsselqualifikation erworben: Einander zuh\u00f6ren, R\u00fccksicht nehmen und sich gegenseitig unterst\u00fctzen sind bleibende und pr\u00e4gende Erfahrungen. Die daraus resultierende positive Lernatmosph\u00e4re erm\u00f6glicht die Entwicklung weiterer Qualifikationen wie Konzentration, Ausdauer, Sorgfalt und Verantwortung.<\/p>\n\n\n\n<p><strong>Wie verwirklicht das Gymnasium Bremerv\u00f6rde das Projekt\nBl\u00e4serklasse?<\/strong><\/p>\n\n\n\n<p>Das Gymnasium Bremerv\u00f6rde richtete dieses musikalische\nZusatzangebot f\u00fcr seine Sch\u00fclerinnen und Sch\u00fcler des 5. Jahrgangs erstmals mit\nBeginn des Schuljahres 2006\/2007 ein.<\/p>\n\n\n<div class=\"wp-block-image is-style-rounded\">\n<figure class=\"alignleft size-large is-resized\"><img loading=\"lazy\" decoding=\"async\" width=\"1024\" height=\"555\" src=\"https:\/\/www.gymbrv.de\/wp-content\/uploads\/2021\/02\/1-Trompete-1ab-1024x555.jpg\" alt=\"\" class=\"wp-image-1421\" style=\"width:347px;height:188px\" srcset=\"https:\/\/www.gymbrv.de\/wp-content\/uploads\/2021\/02\/1-Trompete-1ab-1024x555.jpg 1024w, https:\/\/www.gymbrv.de\/wp-content\/uploads\/2021\/02\/1-Trompete-1ab-300x163.jpg 300w, https:\/\/www.gymbrv.de\/wp-content\/uploads\/2021\/02\/1-Trompete-1ab-768x416.jpg 768w, https:\/\/www.gymbrv.de\/wp-content\/uploads\/2021\/02\/1-Trompete-1ab-1536x832.jpg 1536w, https:\/\/www.gymbrv.de\/wp-content\/uploads\/2021\/02\/1-Trompete-1ab-2048x1110.jpg 2048w\" sizes=\"(max-width: 1024px) 100vw, 1024px\" \/><\/figure><\/div>\n\n\n<p class=\"has-text-align-left\">In der gymnasialen Stundentafel sind f\u00fcr alle F\u00fcnft- und Sechstkl\u00e4ssler zwei Wochenstunden Musik vorgesehen. Sch\u00fclerinnen und Sch\u00fcler der Bl\u00e4serklasse erhalten drei Wochenstunden Musik, also eine Wochenstunde mehr als die anderen Mitsch\u00fclerinnen und Mitsch\u00fcler. In allen anderen F\u00e4chern gibt es keine Unterschiede. Der Musiklehrer dieser Lerngruppe, der speziell f\u00fcr das Projekt ausgebildet worden ist, wird von externen Instrumentallehrern der Kreismusikschule unterst\u00fctzt, die f\u00fcr die individuelle Betreuung der Sch\u00fclerinnen und Sch\u00fcler zur Verf\u00fcgung stehen. Sie unterrichten die verschiedenen Instrumentenfamilien wie Holzbl\u00e4ser, Blechbl\u00e4ser und Schlagzeug in Kleingruppen. Die Bl\u00e4serklasse basiert also auf einer Kooperation zwischen der Kreismusikschule Rotenburg und dem Gymnasium Bremerv\u00f6rde.<\/p>\n\n\n\n<p>Von den drei Wochenstunden sind zwei Musikstunden vormittags\nin den Stundenplan integriert. Hier werden die Unterrichtsinhalte im\nKlassenmusikverband vermittelt und dar\u00fcber hinaus Musikst\u00fccke gemeinsam\neinge\u00fcbt. In der dritten Stunde unterrichten die Instrumentallehrer die\njeweiligen Instrumentengruppen. Dieses findet in der Regel direkt im Anschluss\nan den \u201enormalen\u201c Unterricht in der 6. oder 7. Stunde statt.<\/p>\n\n\n\n<p><strong>Wie erfolgen die Instrumentenzuweisung und der Beginn des\ngemeinsamen Musizierens?<\/strong><\/p>\n\n\n<div class=\"wp-block-image is-style-rounded\">\n<figure class=\"alignright size-large is-resized\"><img loading=\"lazy\" decoding=\"async\" width=\"1024\" height=\"633\" src=\"https:\/\/www.gymbrv.de\/wp-content\/uploads\/2021\/02\/1-Blech2b-1024x633.jpg\" alt=\"\" class=\"wp-image-1418\" style=\"width:377px;height:234px\" srcset=\"https:\/\/www.gymbrv.de\/wp-content\/uploads\/2021\/02\/1-Blech2b-1024x633.jpg 1024w, https:\/\/www.gymbrv.de\/wp-content\/uploads\/2021\/02\/1-Blech2b-300x185.jpg 300w, https:\/\/www.gymbrv.de\/wp-content\/uploads\/2021\/02\/1-Blech2b-768x475.jpg 768w, https:\/\/www.gymbrv.de\/wp-content\/uploads\/2021\/02\/1-Blech2b-1536x949.jpg 1536w, https:\/\/www.gymbrv.de\/wp-content\/uploads\/2021\/02\/1-Blech2b-2048x1266.jpg 2048w\" sizes=\"(max-width: 1024px) 100vw, 1024px\" \/><\/figure><\/div>\n\n\n<p>Die Sch\u00fclerinnen und Sch\u00fclern lernen zun\u00e4chst s\u00e4mtliche\nBlas- und Schlaginstrumente des Orchesters kennen, probieren aus und\nentscheiden sich danach mit Hilfe der Instrumentalp\u00e4dagogen f\u00fcr \u201eihr\u201c\nzuk\u00fcnftiges Instrument. Dieses erste Ausprobieren sowie Atem- und\nRhythmus\u00fcbungen kennzeichnen die Anfangsphase. Auf dieser Grundlage bauen die\n\u00dcbungen auf, die zun\u00e4chst einstimmig beginnen, um dann \u00fcber eine leichte\nZweistimmigkeit in den kompletten Orchestersatz zu m\u00fcnden.<\/p>\n\n\n\n<p><strong>Was kostet die Teilnahme in der Bl\u00e4serklasse?<\/strong><\/p>\n\n\n\n<p>F\u00fcr die Bl\u00e4serklasse wird das Gymnasium Bremerv\u00f6rde pro\nJahrgang einen kompletten Satz Instrumente im Gesamtwert von ca. 24.000 Euro\nzur Verf\u00fcgung stellen und an die beteiligten Sch\u00fcler f\u00fcr zwei Jahre ausleihen.\nNach dieser Zeit werden die Instrumente wieder an die Schule zur\u00fcckgegeben, um\neiner neuen f\u00fcnften Klasse ebenfalls das gemeinsame Musizieren in diesem\nProjekt zu erm\u00f6glichen. Ab Klasse 7 k\u00f6nnen die Sch\u00fclerinnen und Sch\u00fcler dann\nmit eigenen Instrumenten in den Musik-AGs des Gymnasiums Bremerv\u00f6rde und in\nanderen Musikgruppen der Region weitermusizieren. <\/p>\n\n\n\n<p>F\u00fcr die Ausleihe und den Unterricht durch die\nKreismusikschule zahlen die beteiligten Eltern monatlich ca. 35 Euro.<\/p>\n\n\n\n<p><strong>Wer kann die Bl\u00e4serklasse anw\u00e4hlen?<\/strong><\/p>\n\n\n\n<p>Die Bl\u00e4serklasse kann von allen Sch\u00fclerinnen und Sch\u00fclern\nangew\u00e4hlt werden, die das Spielen eines Blas- oder Schlaginstrumentes erlernen\nm\u00f6chten und Freude am aktiven Musizieren haben. Vorkenntnisse werden nicht\nvorausgesetzt. Wir gehen davon aus, dass viele Sch\u00fclerinnen und Sch\u00fcler in\ndiesem Rahmen erstmals Instrumentalunterricht erhalten werden. Das Projekt\neignet sich aber beispielsweise auch f\u00fcr Kinder, die bereits Klavier spielen\nund nun noch ein Melodieinstrument erlernen m\u00f6chten, mit dem sie in einer\nInstrumentalgruppe musizieren k\u00f6nnen.<\/p>\n\n\n\n<p>Die Klassengr\u00f6\u00dfe richtet sich nach den Richtlinien zur Klassenbildung und  wird nach dem Ordnungskriterium der Wahl der zweiten Fremdsprache eingerichtet. <\/p>\n\n\n\n<p><strong>Auf einen Blick: Wovon profitieren Sch\u00fclerinnen und\nSch\u00fcler in der Bl\u00e4serklasse?<\/strong><\/p>\n\n\n\n<ul>\n<li>\u2026 von einer besonderen Klassengemeinschaft!<\/li>\n\n\n\n<li>\u2026 von einem abwechslungsreichen Musikunterricht!<\/li>\n\n\n\n<li>\u2026 von qualifiziertem Instrumentalunterricht!<\/li>\n\n\n\n<li>\u2026 von kosteng\u00fcnstigen Mietkonditionen f\u00fcr\nInstrumente!<\/li>\n\n\n\n<li>\u2026 von unvergesslichen Erlebnissen auf\nMusikfreizeiten und Konzerten!<\/li>\n<\/ul>\n\n\n\n<figure class=\"wp-block-image size-large\"><img loading=\"lazy\" decoding=\"async\" width=\"2560\" height=\"1440\" src=\"https:\/\/www.gymbrv.de\/wp-content\/uploads\/2020\/04\/4_IMG_20160610_102715537-1.jpg\" alt=\"\" class=\"wp-image-626\"\/><\/figure>\n\n\n\n<p>Bei Fragen wendet euch\/wenden Sie sich gerne an die Musiklehrkraft Judith Schaub (su@gymbrv.eu). <\/p>\n\n\n\n<p>Wir freuen uns auf euch! Eure Musiklehrer und -lehrerinnen\ndes Gymnasiums Bremerv\u00f6rde<\/p>\n\n\n\n<figure class=\"wp-block-video\"><video controls src=\"https:\/\/www.gymbrv.de\/wp-content\/uploads\/2020\/05\/Klarinette2.mp4\"><\/video><\/figure>\n\n\n\n<p>Ihr m\u00f6chtet Teil der Bl\u00e4serklasse werden? Dann f\u00fcllt einfach das folgende Anmeldeformular aus:<\/p>\n\n\n\n<div class=\"wp-block-file aligncenter\"><a id=\"wp-block-file--media-be2f73f8-aaf7-4afd-918b-8fdc27be6da4\" href=\"https:\/\/www.gymbrv.de\/wp-content\/uploads\/2025\/03\/Anmeldeformular-Blaeserklasse-25-27-bearbeitbar.pdf\">Anmeldeformular Blaeserklasse (bearbeitbar)<\/a><\/div>\n\n\n\n<p>Alle Informationen zur Bl\u00e4serklasse sind auch nochmal in dem nachfolgenden Flyer nachzulesen:<\/p>\n\n\n\n<div class=\"wp-block-file aligncenter\"><a id=\"wp-block-file--media-550740f3-91be-481d-9b09-8535b2f40d28\" href=\"https:\/\/www.gymbrv.de\/wp-content\/uploads\/2025\/03\/01-Flyer-Blaeserklasse-neu-2025-04.pdf\">Flyer Bl\u00e4serklasse (2025-04)<\/a><\/div>\n\n\n\n<p class=\"has-text-align-center\">\u2190&nbsp;(Anfang)&nbsp;&nbsp;&nbsp;&nbsp;&nbsp;&nbsp;&nbsp;&nbsp;\u2191&nbsp;<a href=\"https:\/\/www.gymbrv.de\/index.php\/schulprofil-2\/\">Schulprofil<\/a>&nbsp;&nbsp;&nbsp;&nbsp;&nbsp;&nbsp;&nbsp;&nbsp;\u2192&nbsp;<a href=\"https:\/\/www.gymbrv.de\/index.php\/schulprofil-2\/tiergestuetzte-paedagogik-schulhund-ayka\/\">Tiergest\u00fctzte P\u00e4dagogik<\/a><\/p>\n","protected":false},"excerpt":{"rendered":"<p>Du m\u00f6chtest ein Holz- oder Blechblasinstrument erlernen oder Schlagzeug spielen? Dann bist du am Gymnasium Bremerv\u00f6rde genau richtig! Bei uns erh\u00e4ltst du die M\u00f6glichkeit, Teil<\/p>\n","protected":false},"author":1,"featured_media":0,"parent":322,"menu_order":1,"comment_status":"closed","ping_status":"closed","template":"","meta":{"footnotes":""},"_links":{"self":[{"href":"https:\/\/www.gymbrv.de\/index.php\/wp-json\/wp\/v2\/pages\/528"}],"collection":[{"href":"https:\/\/www.gymbrv.de\/index.php\/wp-json\/wp\/v2\/pages"}],"about":[{"href":"https:\/\/www.gymbrv.de\/index.php\/wp-json\/wp\/v2\/types\/page"}],"author":[{"embeddable":true,"href":"https:\/\/www.gymbrv.de\/index.php\/wp-json\/wp\/v2\/users\/1"}],"replies":[{"embeddable":true,"href":"https:\/\/www.gymbrv.de\/index.php\/wp-json\/wp\/v2\/comments?post=528"}],"version-history":[{"count":19,"href":"https:\/\/www.gymbrv.de\/index.php\/wp-json\/wp\/v2\/pages\/528\/revisions"}],"predecessor-version":[{"id":4270,"href":"https:\/\/www.gymbrv.de\/index.php\/wp-json\/wp\/v2\/pages\/528\/revisions\/4270"}],"up":[{"embeddable":true,"href":"https:\/\/www.gymbrv.de\/index.php\/wp-json\/wp\/v2\/pages\/322"}],"wp:attachment":[{"href":"https:\/\/www.gymbrv.de\/index.php\/wp-json\/wp\/v2\/media?parent=528"}],"curies":[{"name":"wp","href":"https:\/\/api.w.org\/{rel}","templated":true}]}}