{"id":535,"date":"2020-04-25T12:44:19","date_gmt":"2020-04-25T10:44:19","guid":{"rendered":"https:\/\/www.gymbrv.de\/?page_id=535"},"modified":"2023-02-23T13:12:21","modified_gmt":"2023-02-23T12:12:21","slug":"arbeitsgemeinschaften","status":"publish","type":"page","link":"https:\/\/www.gymbrv.de\/index.php\/schulprofil-2\/arbeitsgemeinschaften\/","title":{"rendered":"Arbeitsgemeinschaften"},"content":{"rendered":"\n<p>Das Gymnasium Bremerv\u00f6rde h\u00e4lt ein vielf\u00e4ltiges Angebot an Arbeitsgemeinschaften vor. Hierzu geh\u00f6ren Angebote aus verschiedenen Bereichen. Die genauen Angaben zur verantwortlichen Lehrkraft, zum Treffpunkt und der Zeit finden Sie auf IServ unter &#8222;AGs&#8220;.<\/p>\n\n\n\n<figure class=\"wp-block-table\"><table class=\"has-fixed-layout\"><tbody><tr><td><strong>Arbeitsgemeinschaft<\/strong><\/td><\/tr><tr><td>Schulsanit\u00e4tsdienst (inkl. Ausbildung zum Schulsanit\u00e4ter)<\/td><\/tr><tr><td>Schach<\/td><\/tr><tr><td>Garten Eden<\/td><\/tr><tr><td>Psychologie<\/td><\/tr><tr><td><mark style=\"background-color:rgba(0, 0, 0, 0)\" class=\"has-inline-color has-dark-gray-color\"> <strong>T<\/strong><\/mark><strong><mark style=\"background-color:rgba(0, 0, 0, 0)\" class=\"has-inline-color has-dark-gray-color\">echnik<\/mark><\/strong><\/td><\/tr><tr><td>Robotik <\/td><\/tr><tr><td>3D-Druck<\/td><\/tr><tr><td><span class=\"has-inline-color has-dark-gray-color\"> <strong>Tiere<\/strong><\/span><\/td><\/tr><tr><td>Trainieren mit Tieren<\/td><\/tr><tr><td>Tiergest\u00fctzte P\u00e4dagogik<\/td><\/tr><tr><td><strong><span class=\"has-inline-color has-dark-gray-color\">F\u00f6rdern<\/span><\/strong><\/td><\/tr><tr><td>Latein F\u00f6rder-AG<\/td><\/tr><tr><td>Spanisch-AG<\/td><\/tr><tr><td>Deutsch F\u00f6rder-AG<\/td><\/tr><tr><td>Mathematik F\u00f6rder-AG<\/td><\/tr><tr><td>Englisch F\u00f6rder-AG<\/td><\/tr><tr><td>Franz\u00f6sisch F\u00f6rder-AG<\/td><\/tr><tr><td>Mathe-Olympiade-AG<\/td><\/tr><tr><td>DELF-AG<\/td><\/tr><tr><td><strong><span class=\"has-inline-color has-dark-gray-color\">Musik<\/span><\/strong><\/td><\/tr><tr><td>Jugendorchester<\/td><\/tr><tr><td>Gitarre<\/td><\/tr><tr><td>Chor<\/td><\/tr><tr><td>Schulband<\/td><\/tr><tr><td><strong><span class=\"has-inline-color has-dark-gray-color\">Medien<\/span><\/strong><\/td><\/tr><tr><td>Filmschnitt<\/td><\/tr><tr><td>Jahrbuch<\/td><\/tr><tr><td>Bibliothek<\/td><\/tr><tr><td><mark style=\"background-color:rgba(0, 0, 0, 0)\" class=\"has-inline-color has-dark-gray-color\"><strong>Sport<\/strong><\/mark><\/td><\/tr><tr><td>Turn- und Akrobatik-AG<\/td><\/tr><tr><td>Windsurfen<\/td><\/tr><tr><td>Ringen<\/td><\/tr><\/tbody><\/table><\/figure>\n\n\n\n<p><\/p>\n\n\n\n<p class=\"has-text-align-center\">\u2190&nbsp;<a href=\"https:\/\/www.gymbrv.de\/index.php\/schulprofil-2\/bilingualer-unterricht\/\">Bilingualer Unterricht<\/a>&nbsp;&nbsp;&nbsp;&nbsp;&nbsp;&nbsp;&nbsp;&nbsp;\u2191&nbsp;<a href=\"https:\/\/www.gymbrv.de\/index.php\/schulprofil-2\/\">Schulprofil<\/a>&nbsp;&nbsp;&nbsp;&nbsp;&nbsp;&nbsp;&nbsp;&nbsp;\u2192&nbsp;<a href=\"https:\/\/www.gymbrv.de\/index.php\/schulprofil-2\/differenzierte-faecherauswahl\/\">Differenzierte F\u00e4cherauswahl<\/a><\/p>\n","protected":false},"excerpt":{"rendered":"<p>Das Gymnasium Bremerv\u00f6rde h\u00e4lt ein vielf\u00e4ltiges Angebot an Arbeitsgemeinschaften vor. Hierzu geh\u00f6ren Angebote aus verschiedenen Bereichen. Die genauen Angaben zur verantwortlichen Lehrkraft, zum Treffpunkt und<\/p>\n","protected":false},"author":2,"featured_media":0,"parent":322,"menu_order":5,"comment_status":"closed","ping_status":"closed","template":"","meta":{"footnotes":""},"_links":{"self":[{"href":"https:\/\/www.gymbrv.de\/index.php\/wp-json\/wp\/v2\/pages\/535"}],"collection":[{"href":"https:\/\/www.gymbrv.de\/index.php\/wp-json\/wp\/v2\/pages"}],"about":[{"href":"https:\/\/www.gymbrv.de\/index.php\/wp-json\/wp\/v2\/types\/page"}],"author":[{"embeddable":true,"href":"https:\/\/www.gymbrv.de\/index.php\/wp-json\/wp\/v2\/users\/2"}],"replies":[{"embeddable":true,"href":"https:\/\/www.gymbrv.de\/index.php\/wp-json\/wp\/v2\/comments?post=535"}],"version-history":[{"count":17,"href":"https:\/\/www.gymbrv.de\/index.php\/wp-json\/wp\/v2\/pages\/535\/revisions"}],"predecessor-version":[{"id":3499,"href":"https:\/\/www.gymbrv.de\/index.php\/wp-json\/wp\/v2\/pages\/535\/revisions\/3499"}],"up":[{"embeddable":true,"href":"https:\/\/www.gymbrv.de\/index.php\/wp-json\/wp\/v2\/pages\/322"}],"wp:attachment":[{"href":"https:\/\/www.gymbrv.de\/index.php\/wp-json\/wp\/v2\/media?parent=535"}],"curies":[{"name":"wp","href":"https:\/\/api.w.org\/{rel}","templated":true}]}}