{"id":539,"date":"2020-04-25T12:46:31","date_gmt":"2020-04-25T10:46:31","guid":{"rendered":"https:\/\/www.gymbrv.de\/?page_id=539"},"modified":"2020-04-25T13:28:00","modified_gmt":"2020-04-25T11:28:00","slug":"foerdern-und-fordern-beraten-und-betreuen","status":"publish","type":"page","link":"https:\/\/www.gymbrv.de\/index.php\/schulprofil-2\/foerdern-und-fordern-beraten-und-betreuen\/","title":{"rendered":"F\u00f6rdern und Fordern \u2013 Beraten und Betreuen"},"content":{"rendered":"\n<p>Wir legen unsere Aufmerksamkeit vor allem auf die intensive Arbeit mit Ihren Kindern. Dabei verstehen sich die Lehrerinnen und Lehrer unserer Schule als Begleiter, die Sch\u00fclerinnen und Sch\u00fcler in ihrem Lernprozess und in ihren Begabungen unterst\u00fctzen, indem sie ihnen Sicherheit und Orientierung geben und sie somit zu selbstbestimmtem und selbstst\u00e4ndigem Handeln anleiten. Auch das soziale Miteinander spielt in diesem Prozess eine tragende Rolle. Durch eine enge Begleitung ab Beginn der Klasse 5 m\u00f6chten wir Ihre Kinder darin unterst\u00fctzen, zu jungen Erwachsenen zu reifen, die zu selbstreflektiertem und sozialem Denken und Handeln finden. In den zwei Jahren der Qualifikationsphase (Kl. 12\/13) wird jede Sch\u00fclerin und jeder Sch\u00fcler zudem durch eine Tutorin oder einen Tutor auf dem Weg zum Abitur individuell beraten und unterst\u00fctzt.<\/p>\n\n\n\n<p class=\"has-text-align-center\">\u2190\u00a0<a href=\"https:\/\/www.gymbrv.de\/index.php\/schulprofil-2\/differenzierte-faecherauswahl\/\">Differenzierte F\u00e4cherauswahl<\/a>\u00a0\u00a0\u00a0\u00a0\u00a0\u00a0\u00a0\u00a0\u2191\u00a0<a href=\"https:\/\/www.gymbrv.de\/index.php\/schulprofil-2\/\">Schulprofil<\/a>\u00a0\u00a0\u00a0\u00a0\u00a0\u00a0\u00a0\u00a0\u2192\u00a0<a href=\"https:\/\/www.gymbrv.de\/index.php\/schulprofil-2\/differenzierte-schulabschluesse\/\">Schulabschl\u00fcsse<\/a><\/p>\n","protected":false},"excerpt":{"rendered":"<p>Wir legen unsere Aufmerksamkeit vor allem auf die intensive Arbeit mit Ihren Kindern. Dabei verstehen sich die Lehrerinnen und Lehrer unserer Schule als Begleiter, die<\/p>\n","protected":false},"author":1,"featured_media":0,"parent":322,"menu_order":7,"comment_status":"closed","ping_status":"closed","template":"","meta":{"footnotes":""},"_links":{"self":[{"href":"https:\/\/www.gymbrv.de\/index.php\/wp-json\/wp\/v2\/pages\/539"}],"collection":[{"href":"https:\/\/www.gymbrv.de\/index.php\/wp-json\/wp\/v2\/pages"}],"about":[{"href":"https:\/\/www.gymbrv.de\/index.php\/wp-json\/wp\/v2\/types\/page"}],"author":[{"embeddable":true,"href":"https:\/\/www.gymbrv.de\/index.php\/wp-json\/wp\/v2\/users\/1"}],"replies":[{"embeddable":true,"href":"https:\/\/www.gymbrv.de\/index.php\/wp-json\/wp\/v2\/comments?post=539"}],"version-history":[{"count":6,"href":"https:\/\/www.gymbrv.de\/index.php\/wp-json\/wp\/v2\/pages\/539\/revisions"}],"predecessor-version":[{"id":611,"href":"https:\/\/www.gymbrv.de\/index.php\/wp-json\/wp\/v2\/pages\/539\/revisions\/611"}],"up":[{"embeddable":true,"href":"https:\/\/www.gymbrv.de\/index.php\/wp-json\/wp\/v2\/pages\/322"}],"wp:attachment":[{"href":"https:\/\/www.gymbrv.de\/index.php\/wp-json\/wp\/v2\/media?parent=539"}],"curies":[{"name":"wp","href":"https:\/\/api.w.org\/{rel}","templated":true}]}}